{"id":143,"date":"2023-03-17T10:45:08","date_gmt":"2023-03-17T10:45:08","guid":{"rendered":"https:\/\/recpad2023.isec.pt\/?page_id=143"},"modified":"2023-09-13T08:43:43","modified_gmt":"2023-09-13T08:43:43","slug":"programme-committee","status":"publish","type":"page","link":"https:\/\/recpad2023.isec.pt\/index.php\/programme-committee\/","title":{"rendered":"Programme Committee"},"content":{"rendered":"\n<table style=\"margin-left: 4.65pt;\" cellspacing=\"0\" cellpadding=\"0\" border=\"0\">\n <tbody>\n<tr><td>Lu\u00eds A. Alexandre<\/td><td>UBI and NOVA LINCS<\/td><\/tr>\n<tr><td>Ana Alves<\/td><td>Instituto Superior de Engenharia de Coimbra<\/td><\/tr>\n<tr><td>Ant\u00f3nio Anjos<\/td><td>Universidade de \u00c9vora<\/td><\/tr>\n<tr><td>Francisco Antunes<\/td><td>University of Coimbra<\/td><\/tr>\n<tr><td>M\u00e1rio Antunes<\/td><td>Instituto Polit\u00e9cnico de Leiria<\/td><\/tr>\n<tr><td>Helder Araujo<\/td><td>University of Coimbra<\/td><\/tr>\n<tr><td>Cristiana Areias<\/td><td>Instituto Superior de Engenharia de Coimbra<\/td><\/tr>\n<tr><td>Joel Arrais<\/td><td>University of Coimbra<\/td><\/tr>\n<tr><td>Ant\u00f3nio Cunha<\/td><td>UTAD &amp; INESC tec<\/td><\/tr>\n<tr><td>Paulo Dias<\/td><td>University of Aveiro<\/td><\/tr>\n<tr><td>In\u00eas Domingues<\/td><td>Instituto Superior de Engenharia de Coimbra<\/td><\/tr>\n<tr><td>S\u00e9rgio Faria<\/td><td>Politecnico de Leiria \/ Instituto de  Telecomunica\u00e7\u00f5es<\/td><\/tr>\n<tr><td>Pedro Miguel Gago<\/td><td>Polit\u00e9cnico de Leiria<\/td><\/tr>\n<tr><td>Petia Georgieva<\/td><td>IEEE European Public Policy Initiative &#8211; Working Group on ICT<\/td><\/tr>\n<tr><td>Rui Gomes<\/td><td>Faculdade de Ciencias e Tecnologia da Universidade de Coimbra<\/td><\/tr>\n<tr><td>Lio Gon\u00e7alves<\/td><td>UTAD<\/td><\/tr>\n<tr><td>Teresa Gon\u00e7alves<\/td><td>Universidade de \u00c9vora<\/td><\/tr>\n<tr><td>Fernando Lopes<\/td><td>IPC\/ISEC<\/td><\/tr>\n<tr><td>Bernardo Marques<\/td><td>IEETA, DETI, University of Aveiro<\/td><\/tr>\n<tr><td>Nuno Martins<\/td><td>Instituto Superior de Engenharia de Coimbra<\/td><\/tr>\n<tr><td>Pedro Martins<\/td><td>Institute of Systems and Robotics, University of Coimbra<\/td><\/tr>\n<tr><td>Ana Mendonca<\/td><td>FEUP &#8211; Faculty of Engineering of the University of Porto<\/td><\/tr>\n<tr><td>Fernando Monteiro<\/td><td>Instituto Polit\u00e9cnico de Bragan\u00e7a<\/td><\/tr>\n<tr><td>Antonio Neves<\/td><td>University of Aveiro<\/td><\/tr>\n<tr><td>H\u00e9lder Oliveira<\/td><td>INESC TEC \/ FCUP<\/td><\/tr>\n<tr><td>Sim\u00e3o Paredes<\/td><td>Instituto Superior de Engenharia de Coimbra<\/td><\/tr>\n<tr><td>Cesar Paris<\/td><td>Instituto Superior de Engenharia de Coimbra<\/td><\/tr>\n<tr><td>Carlos Pereira<\/td><td>IPC-ISEC<\/td><\/tr>\n<tr><td>Francisco Pereira<\/td><td>Polytechnic Institute of Coimbra<\/td><\/tr>\n<tr><td>Pedro Pina<\/td><td>University of Coimbra<\/td><\/tr>\n<tr><td>Hugo Pl\u00e1cido da Silva<\/td><td>IT &#8211; Instituto de Telecomunica\u00e7\u00f5es<\/td><\/tr>\n<tr><td>Diogo Pratas<\/td><td>University of Aveiro<\/td><\/tr>\n<tr><td>Francesco Renna<\/td><td>Universidade do Porto<\/td><\/tr>\n<tr><td>Teresa Rocha<\/td><td>Instituto Polit\u00e9cnico de Coimbra \/ Instituto Superior de Engenharia de Coimbra<\/td><\/tr>\n<tr><td>Jo\u00e3o M.F. Rodrigues<\/td><td>University of the Algarve<\/td><\/tr>\n<tr><td>Jose Saias<\/td><td>Universidade de Evora<\/td><\/tr>\n<tr><td>Pedro Salgueiro<\/td><td>Universidade de \u00c9vora<\/td><\/tr>\n<tr><td>Jorge Santos<\/td><td>ISEP<\/td><\/tr>\n<tr><td>Catarina Silva<\/td><td>University of Coimbra<\/td><\/tr>\n<tr><td>Jose Silvestre Silva<\/td><td>CINAMIL<\/td><\/tr>\n<tr><td>Luis Teixeira<\/td><td>Faculdade de Engenharia da Universidade do Porto<\/td><\/tr>\n<tr><td>Veronica Vasconcelos<\/td><td>Instituto Superior de Engenharia de Coimbra<\/td><\/tr>\n <\/tbody>\n<\/table>\n","protected":false},"excerpt":{"rendered":"<p>Lu\u00eds A. Alexandre UBI and NOVA LINCS Ana Alves Instituto Superior de Engenharia de Coimbra Ant\u00f3nio Anjos Universidade de \u00c9vora Francisco Antunes University of Coimbra M\u00e1rio Antunes Instituto Polit\u00e9cnico de Leiria Helder Araujo University of Coimbra Cristiana Areias Instituto Superior de Engenharia de Coimbra Joel Arrais University of Coimbra Ant\u00f3nio Cunha UTAD &amp; INESC tec &#8230; <a title=\"Programme Committee\" class=\"read-more\" href=\"https:\/\/recpad2023.isec.pt\/index.php\/programme-committee\/\" aria-label=\"More on Programme Committee\">Read more<\/a><\/p>\n","protected":false},"author":1,"featured_media":0,"parent":0,"menu_order":0,"comment_status":"closed","ping_status":"closed","template":"","meta":{"footnotes":""},"class_list":["post-143","page","type-page","status-publish"],"_links":{"self":[{"href":"https:\/\/recpad2023.isec.pt\/index.php\/wp-json\/wp\/v2\/pages\/143","targetHints":{"allow":["GET"]}}],"collection":[{"href":"https:\/\/recpad2023.isec.pt\/index.php\/wp-json\/wp\/v2\/pages"}],"about":[{"href":"https:\/\/recpad2023.isec.pt\/index.php\/wp-json\/wp\/v2\/types\/page"}],"author":[{"embeddable":true,"href":"https:\/\/recpad2023.isec.pt\/index.php\/wp-json\/wp\/v2\/users\/1"}],"replies":[{"embeddable":true,"href":"https:\/\/recpad2023.isec.pt\/index.php\/wp-json\/wp\/v2\/comments?post=143"}],"version-history":[{"count":7,"href":"https:\/\/recpad2023.isec.pt\/index.php\/wp-json\/wp\/v2\/pages\/143\/revisions"}],"predecessor-version":[{"id":197,"href":"https:\/\/recpad2023.isec.pt\/index.php\/wp-json\/wp\/v2\/pages\/143\/revisions\/197"}],"wp:attachment":[{"href":"https:\/\/recpad2023.isec.pt\/index.php\/wp-json\/wp\/v2\/media?parent=143"}],"curies":[{"name":"wp","href":"https:\/\/api.w.org\/{rel}","templated":true}]}}

<table style="margin-left: 4.65pt;" cellspacing="0" cellpadding="0" border="0">
 <tbody>
<tr><td>Luís A. Alexandre</td><td>UBI and NOVA LINCS</td></tr>
<tr><td>Ana Alves</td><td>Instituto Superior de Engenharia de Coimbra</td></tr>
<tr><td>António Anjos</td><td>Universidade de Évora</td></tr>
<tr><td>Francisco Antunes</td><td>University of Coimbra</td></tr>
<tr><td>Mário Antunes</td><td>Instituto Politécnico de Leiria</td></tr>
<tr><td>Helder Araujo</td><td>University of Coimbra</td></tr>
<tr><td>Cristiana Areias</td><td>Instituto Superior de Engenharia de Coimbra</td></tr>
<tr><td>Joel Arrais</td><td>University of Coimbra</td></tr>
<tr><td>António Cunha</td><td>UTAD &amp; INESC tec</td></tr>
<tr><td>Paulo Dias</td><td>University of Aveiro</td></tr>
<tr><td>Inês Domingues</td><td>Instituto Superior de Engenharia de Coimbra</td></tr>
<tr><td>Sérgio Faria</td><td>Politecnico de Leiria / Instituto de  Telecomunicações</td></tr>
<tr><td>Pedro Miguel Gago</td><td>Politécnico de Leiria</td></tr>
<tr><td>Petia Georgieva</td><td>IEEE European Public Policy Initiative &#8211; Working Group on ICT</td></tr>
<tr><td>Rui Gomes</td><td>Faculdade de Ciencias e Tecnologia da Universidade de Coimbra</td></tr>
<tr><td>Lio Gonçalves</td><td>UTAD</td></tr>
<tr><td>Teresa Gonçalves</td><td>Universidade de Évora</td></tr>
<tr><td>Fernando Lopes</td><td>IPC/ISEC</td></tr>
<tr><td>Bernardo Marques</td><td>IEETA, DETI, University of Aveiro</td></tr>
<tr><td>Nuno Martins</td><td>Instituto Superior de Engenharia de Coimbra</td></tr>
<tr><td>Pedro Martins</td><td>Institute of Systems and Robotics, University of Coimbra</td></tr>
<tr><td>Ana Mendonca</td><td>FEUP &#8211; Faculty of Engineering of the University of Porto</td></tr>
<tr><td>Fernando Monteiro</td><td>Instituto Politécnico de Bragança</td></tr>
<tr><td>Antonio Neves</td><td>University of Aveiro</td></tr>
<tr><td>Hélder Oliveira</td><td>INESC TEC / FCUP</td></tr>
<tr><td>Simão Paredes</td><td>Instituto Superior de Engenharia de Coimbra</td></tr>
<tr><td>Cesar Paris</td><td>Instituto Superior de Engenharia de Coimbra</td></tr>
<tr><td>Carlos Pereira</td><td>IPC-ISEC</td></tr>
<tr><td>Francisco Pereira</td><td>Polytechnic Institute of Coimbra</td></tr>
<tr><td>Pedro Pina</td><td>University of Coimbra</td></tr>
<tr><td>Hugo Plácido da Silva</td><td>IT &#8211; Instituto de Telecomunicações</td></tr>
<tr><td>Diogo Pratas</td><td>University of Aveiro</td></tr>
<tr><td>Francesco Renna</td><td>Universidade do Porto</td></tr>
<tr><td>Teresa Rocha</td><td>Instituto Politécnico de Coimbra / Instituto Superior de Engenharia de Coimbra</td></tr>
<tr><td>João M.F. Rodrigues</td><td>University of the Algarve</td></tr>
<tr><td>Jose Saias</td><td>Universidade de Evora</td></tr>
<tr><td>Pedro Salgueiro</td><td>Universidade de Évora</td></tr>
<tr><td>Jorge Santos</td><td>ISEP</td></tr>
<tr><td>Catarina Silva</td><td>University of Coimbra</td></tr>
<tr><td>Jose Silvestre Silva</td><td>CINAMIL</td></tr>
<tr><td>Luis Teixeira</td><td>Faculdade de Engenharia da Universidade do Porto</td></tr>
<tr><td>Veronica Vasconcelos</td><td>Instituto Superior de Engenharia de Coimbra</td></tr>
 </tbody>
</table>

<p>Luís A. Alexandre UBI and NOVA LINCS Ana Alves Instituto Superior de Engenharia de Coimbra António Anjos Universidade de Évora Francisco Antunes University of Coimbra Mário Antunes Instituto Politécnico de Leiria Helder Araujo University of Coimbra Cristiana Areias Instituto Superior de Engenharia de Coimbra Joel Arrais University of Coimbra António Cunha UTAD &amp; INESC tec &#8230; <a title="Programme Committee" class="read-more" href="https://recpad2023.isec.pt/index.php/programme-committee/" aria-label="More on Programme Committee">Read more</a></p>
